{"id":597,"date":"2024-06-10T17:49:24","date_gmt":"2024-06-10T17:49:24","guid":{"rendered":"https:\/\/agenciamkt.com.br\/tsjgc\/?page_id=597"},"modified":"2024-07-03T19:03:11","modified_gmt":"2024-07-03T19:03:11","slug":"horarios-e-valores-2","status":"publish","type":"page","link":"https:\/\/agenciamkt.com.br\/tsjgc\/horarios-e-valores-2\/","title":{"rendered":"Hor\u00e1rios e Valores"},"content":{"rendered":"<div class=\"wpb-content-wrapper\"><p>[vc_row css_animation=&#8221;&#8221; row_type=&#8221;row&#8221; use_row_as_full_screen_section=&#8221;no&#8221; type=&#8221;full_width&#8221; angled_section=&#8221;no&#8221; text_align=&#8221;left&#8221; background_image_as_pattern=&#8221;without_pattern&#8221;][vc_column][rev_slider_vc alias=&#8221;horarios&#8221;][\/vc_column][\/vc_row][vc_row css_animation=&#8221;&#8221; row_type=&#8221;row&#8221; use_row_as_full_screen_section=&#8221;no&#8221; type=&#8221;full_width&#8221; angled_section=&#8221;no&#8221; text_align=&#8221;left&#8221; background_image_as_pattern=&#8221;without_pattern&#8221;][vc_column][vc_empty_space][vc_empty_space height=&#8221;10&#8243;][vc_empty_space height=&#8221;10&#8243;][vc_column_text css=&#8221;&#8221;]<\/p>\n<h4 style=\"text-align: center;\">HOR\u00c1RIOS<\/h4>\n<p>[\/vc_column_text][vc_empty_space height=&#8221;10&#8243;][vc_empty_space height=&#8221;10&#8243;][vc_empty_space][\/vc_column][\/vc_row][vc_row css_animation=&#8221;&#8221; row_type=&#8221;row&#8221; use_row_as_full_screen_section=&#8221;no&#8221; type=&#8221;grid&#8221; angled_section=&#8221;no&#8221; text_align=&#8221;center&#8221; background_image_as_pattern=&#8221;without_pattern&#8221; z_index=&#8221;&#8221;][vc_column][vc_single_image image=&#8221;602&#8243; img_size=&#8221;full&#8221; alignment=&#8221;center&#8221; css=&#8221;&#8221; qode_css_animation=&#8221;&#8221;][\/vc_column][\/vc_row][vc_row css_animation=&#8221;&#8221; row_type=&#8221;row&#8221; use_row_as_full_screen_section=&#8221;no&#8221; type=&#8221;full_width&#8221; angled_section=&#8221;no&#8221; text_align=&#8221;left&#8221; background_image_as_pattern=&#8221;without_pattern&#8221;][vc_column][vc_empty_space][vc_empty_space height=&#8221;10&#8243;][vc_empty_space height=&#8221;10&#8243;][vc_column_text css=&#8221;&#8221;]<\/p>\n<h4 style=\"text-align: center;\">GREEN FEES<\/h4>\n<p>[\/vc_column_text][vc_empty_space][vc_empty_space height=&#8221;10&#8243;][vc_empty_space height=&#8221;10&#8243;][\/vc_column][\/vc_row][vc_row css_animation=&#8221;&#8221; row_type=&#8221;row&#8221; use_row_as_full_screen_section=&#8221;no&#8221; type=&#8221;grid&#8221; angled_section=&#8221;no&#8221; text_align=&#8221;left&#8221; background_image_as_pattern=&#8221;without_pattern&#8221; z_index=&#8221;&#8221; css=&#8221;.vc_custom_1718039299742{background-color: #e5e6e9 !important;}&#8221;][vc_column width=&#8221;1\/6&#8243; css=&#8221;.vc_custom_1718025748539{margin-left: 50px !important;}&#8221;][\/vc_column][vc_column width=&#8221;1\/3&#8243;][vc_single_image image=&#8221;1280&#8243; img_size=&#8221;full&#8221; alignment=&#8221;center&#8221; onclick=&#8221;custom_link&#8221; css=&#8221;&#8221; qode_css_animation=&#8221;&#8221; link=&#8221;https:\/\/agenciamkt.com.br\/tsjgc\/contato\/&#8221;][\/vc_column][vc_column width=&#8221;1\/3&#8243;][vc_single_image image=&#8221;1279&#8243; img_size=&#8221;full&#8221; alignment=&#8221;center&#8221; onclick=&#8221;custom_link&#8221; css=&#8221;&#8221; qode_css_animation=&#8221;&#8221; link=&#8221;https:\/\/agenciamkt.com.br\/tsjgc\/contato\/&#8221;][\/vc_column][vc_column width=&#8221;1\/6&#8243;][\/vc_column][\/vc_row][vc_row css_animation=&#8221;&#8221; row_type=&#8221;row&#8221; use_row_as_full_screen_section=&#8221;no&#8221; type=&#8221;full_width&#8221; angled_section=&#8221;no&#8221; text_align=&#8221;left&#8221; background_image_as_pattern=&#8221;without_pattern&#8221;][vc_column][vc_empty_space height=&#8221;40&#8243;][\/vc_column][\/vc_row][vc_row css_animation=&#8221;&#8221; row_type=&#8221;row&#8221; use_row_as_full_screen_section=&#8221;no&#8221; type=&#8221;grid&#8221; angled_section=&#8221;no&#8221; text_align=&#8221;left&#8221; background_image_as_pattern=&#8221;without_pattern&#8221; z_index=&#8221;&#8221;][vc_column width=&#8221;1\/6&#8243;][\/vc_column][vc_column width=&#8221;2\/3&#8243;][vc_single_image image=&#8221;1295&#8243; img_size=&#8221;full&#8221; alignment=&#8221;center&#8221; css=&#8221;&#8221; qode_css_animation=&#8221;&#8221;][\/vc_column][vc_column width=&#8221;1\/6&#8243;][\/vc_column][\/vc_row][vc_row css_animation=&#8221;&#8221; row_type=&#8221;row&#8221; use_row_as_full_screen_section=&#8221;no&#8221; type=&#8221;full_width&#8221; angled_section=&#8221;no&#8221; text_align=&#8221;left&#8221; background_image_as_pattern=&#8221;without_pattern&#8221;][vc_column][vc_empty_space height=&#8221;70&#8243;][\/vc_column][\/vc_row][vc_row css_animation=&#8221;&#8221; row_type=&#8221;row&#8221; use_row_as_full_screen_section=&#8221;no&#8221; type=&#8221;full_width&#8221; angled_section=&#8221;no&#8221; text_align=&#8221;left&#8221; background_image_as_pattern=&#8221;without_pattern&#8221;][vc_column][vc_single_image image=&#8221;608&#8243; img_size=&#8221;1800&#215;800&#8243; alignment=&#8221;center&#8221; css=&#8221;&#8221; qode_css_animation=&#8221;&#8221;][\/vc_column][\/vc_row][vc_row css_animation=&#8221;&#8221; row_type=&#8221;row&#8221; use_row_as_full_screen_section=&#8221;no&#8221; type=&#8221;full_width&#8221; angled_section=&#8221;no&#8221; text_align=&#8221;left&#8221; background_image_as_pattern=&#8221;without_pattern&#8221;][vc_column][vc_empty_space][\/vc_column][\/vc_row][vc_row css_animation=&#8221;&#8221; row_type=&#8221;row&#8221; use_row_as_full_screen_section=&#8221;no&#8221; type=&#8221;full_width&#8221; angled_section=&#8221;no&#8221; text_align=&#8221;left&#8221; background_image_as_pattern=&#8221;without_pattern&#8221;][vc_column][vc_empty_space][\/vc_column][\/vc_row][vc_row css_animation=&#8221;&#8221; row_type=&#8221;row&#8221; use_row_as_full_screen_section=&#8221;no&#8221; type=&#8221;grid&#8221; angled_section=&#8221;no&#8221; text_align=&#8221;left&#8221; background_image_as_pattern=&#8221;without_pattern&#8221; z_index=&#8221;&#8221;][vc_column width=&#8221;1\/4&#8243;][vc_single_image image=&#8221;621&#8243; img_size=&#8221;full&#8221; alignment=&#8221;center&#8221; css=&#8221;&#8221; qode_css_animation=&#8221;&#8221;][\/vc_column][vc_column width=&#8221;1\/2&#8243;][vc_column_text css=&#8221;.vc_custom_1718739810220{margin-top: 150px !important;margin-left: -100px !important;}&#8221;]<\/p>\n<h6 style=\"text-align: left;\">Venha aprender com instrutores qualificados.<\/h6>\n<p>[\/vc_column_text][vc_column_text css=&#8221;.vc_custom_1718046455320{margin-top: 10px !important;margin-left: -100px !important;}&#8221;]<\/p>\n<h3 style=\"text-align: left;\"><span style=\"color: #20282e;\">AULAS DE GOLFE<\/span><\/h3>\n<p>[\/vc_column_text][vc_column_text css=&#8221;.vc_custom_1718047301314{margin-top: 10px !important;margin-left: -100px !important;}&#8221;]<\/p>\n<p style=\"text-align: left;\"><span style=\"color: #20282e;\">O Terras de S\u00e3o Jos\u00e9 Golfe Clube conta com profissionais, horarios<\/span><\/p>\n<p style=\"text-align: left;\"><span style=\"color: #20282e;\">e treinamentos para todos. Seja iniciante, jogador ou profissional.<\/span><\/p>\n<p>[\/vc_column_text][vc_empty_space][vc_empty_space][vc_single_image image=&#8221;648&#8243; img_size=&#8221;full&#8221; onclick=&#8221;custom_link&#8221; img_link_target=&#8221;_blank&#8221; css=&#8221;&#8221; qode_css_animation=&#8221;&#8221; link=&#8221;https:\/\/agenciamkt.com.br\/&#8221;][\/vc_column][vc_column width=&#8221;1\/4&#8243;][vc_column_text css=&#8221;.vc_custom_1718047312081{margin-top: 240px !important;margin-left: -100px !important;}&#8221;]<\/p>\n<h6 style=\"text-align: left;\"><strong><span style=\"color: #20282e;\"><span style=\"vertical-align: inherit;\"><span style=\"vertical-align: inherit;\"><span style=\"vertical-align: inherit;\"><span style=\"vertical-align: inherit;\">AULAS DE 30 MIN<\/span><\/span><\/span><\/span><\/span><\/strong><\/h6>\n<p><span style=\"vertical-align: inherit; color: #20282e;\"><span style=\"vertical-align: inherit;\">Por R$140,00<\/span><\/span>[\/vc_column_text][\/vc_column][\/vc_row][vc_row css_animation=&#8221;&#8221; row_type=&#8221;row&#8221; use_row_as_full_screen_section=&#8221;no&#8221; type=&#8221;full_width&#8221; angled_section=&#8221;no&#8221; text_align=&#8221;left&#8221; background_image_as_pattern=&#8221;without_pattern&#8221;][vc_column][vc_empty_space][vc_empty_space][vc_column_text css=&#8221;&#8221;]<\/p>\n<h4 style=\"text-align: center;\">OUTROS VALORES<\/h4>\n<p>[\/vc_column_text][vc_empty_space][\/vc_column][\/vc_row][vc_row css_animation=&#8221;&#8221; row_type=&#8221;row&#8221; use_row_as_full_screen_section=&#8221;no&#8221; type=&#8221;full_width&#8221; angled_section=&#8221;no&#8221; text_align=&#8221;left&#8221; background_image_as_pattern=&#8221;without_pattern&#8221;][vc_column width=&#8221;1\/6&#8243;][\/vc_column][vc_column width=&#8221;2\/3&#8243;][vc_single_image image=&#8221;664&#8243; img_size=&#8221;full&#8221; alignment=&#8221;center&#8221; css=&#8221;&#8221; qode_css_animation=&#8221;&#8221;][\/vc_column][vc_column width=&#8221;1\/6&#8243;][\/vc_column][\/vc_row][vc_row css_animation=&#8221;&#8221; row_type=&#8221;row&#8221; use_row_as_full_screen_section=&#8221;no&#8221; type=&#8221;full_width&#8221; angled_section=&#8221;no&#8221; text_align=&#8221;left&#8221; background_image_as_pattern=&#8221;without_pattern&#8221;][vc_column][vc_empty_space][\/vc_column][\/vc_row][vc_row css_animation=&#8221;&#8221; row_type=&#8221;row&#8221; use_row_as_full_screen_section=&#8221;no&#8221; type=&#8221;grid&#8221; angled_section=&#8221;no&#8221; text_align=&#8221;left&#8221; background_image_as_pattern=&#8221;without_pattern&#8221; css=&#8221;.vc_custom_1718739962760{margin-top: 100px !important;margin-left: 25px !important;}&#8221; z_index=&#8221;&#8221;][vc_column width=&#8221;1\/2&#8243; css=&#8221;.vc_custom_1718740074240{margin-left: 80px !important;}&#8221;][vc_empty_space height=&#8221;22px&#8221;][vc_column_text css=&#8221;.vc_custom_1718050792212{padding-top: 60px !important;}&#8221;]<\/p>\n<h3 style=\"text-align: left;\"><span style=\"color: #20282e;\">aluguel de golf carts<\/span><\/h3>\n<p>[\/vc_column_text][vc_empty_space height=&#8221;22px&#8221;][vc_row_inner row_type=&#8221;row&#8221; type=&#8221;full_width&#8221; text_align=&#8221;left&#8221; css_animation=&#8221;&#8221;][vc_column_inner width=&#8221;1\/2&#8243;][vc_column_text css=&#8221;&#8221;]<\/p>\n<h6 style=\"text-align: left;\">18 buracos<\/h6>\n<p>[\/vc_column_text][vc_column_text css=&#8221;.vc_custom_1718050642692{margin-top: 10px !important;}&#8221;]R$ 255,00*<\/p>\n<p>(R$ 205,00 para associado)[\/vc_column_text][\/vc_column_inner][vc_column_inner width=&#8221;1\/2&#8243;][vc_column_text css=&#8221;&#8221;]<\/p>\n<h6 style=\"text-align: left;\">9 buracos<\/h6>\n<p>[\/vc_column_text][vc_column_text css=&#8221;.vc_custom_1718050691744{margin-top: 10px !important;}&#8221;]R$ 160,00*<\/p>\n<p>(R$ 110,00 para associado)[\/vc_column_text][\/vc_column_inner][\/vc_row_inner][\/vc_column][vc_column width=&#8221;1\/2&#8243;][vc_single_image image=&#8221;666&#8243; img_size=&#8221;full&#8221; alignment=&#8221;center&#8221; css=&#8221;&#8221; qode_css_animation=&#8221;&#8221;][\/vc_column][\/vc_row][vc_row css_animation=&#8221;&#8221; row_type=&#8221;row&#8221; use_row_as_full_screen_section=&#8221;no&#8221; type=&#8221;grid&#8221; angled_section=&#8221;no&#8221; text_align=&#8221;left&#8221; background_image_as_pattern=&#8221;without_pattern&#8221; z_index=&#8221;&#8221;][vc_column width=&#8221;1\/6&#8243;][\/vc_column][vc_column width=&#8221;2\/3&#8243;][vc_empty_space][vc_empty_space][vc_column_text css=&#8221;&#8221;]<\/p>\n<h6 style=\"text-align: center;\">TORNE-SE UM S\u00d3CIO<\/h6>\n<p>[\/vc_column_text][vc_empty_space height=&#8221;12px&#8221;][vc_column_text css=&#8221;&#8221;]<\/p>\n<p style=\"text-align: center;\">Os propriet\u00e1rios em quaisquer dos empreendimentos do grupo Senpar ter\u00e3o<\/p>\n<p style=\"text-align: center;\">20% de desconto no green fee, mensalidades e cota de ingresso.<\/p>\n<p>[\/vc_column_text][vc_empty_space][\/vc_column][vc_column width=&#8221;1\/6&#8243;][\/vc_column][\/vc_row][vc_row css_animation=&#8221;&#8221; row_type=&#8221;row&#8221; use_row_as_full_screen_section=&#8221;no&#8221; type=&#8221;full_width&#8221; angled_section=&#8221;no&#8221; text_align=&#8221;left&#8221; background_image_as_pattern=&#8221;without_pattern&#8221;][vc_column][vc_empty_space][\/vc_column][\/vc_row][vc_row css_animation=&#8221;&#8221; row_type=&#8221;row&#8221; use_row_as_full_screen_section=&#8221;no&#8221; type=&#8221;full_width&#8221; angled_section=&#8221;no&#8221; text_align=&#8221;left&#8221; background_image_as_pattern=&#8221;without_pattern&#8221;][vc_column width=&#8221;1\/6&#8243;][\/vc_column][vc_column width=&#8221;2\/3&#8243;][vc_single_image image=&#8221;688&#8243; img_size=&#8221;full&#8221; alignment=&#8221;center&#8221; css=&#8221;&#8221; qode_css_animation=&#8221;&#8221;][vc_column_text css=&#8221;.vc_custom_1718051475383{margin-top: 10px !important;}&#8221;]<\/p>\n<p style=\"text-align: center;\">*a cobran\u00e7a da cota de ingresso ser\u00e1 renovada a cada 2 anos por 50% da cota vigente.<\/p>\n<p>[\/vc_column_text][\/vc_column][vc_column width=&#8221;1\/6&#8243;][\/vc_column][\/vc_row][vc_row css_animation=&#8221;&#8221; row_type=&#8221;row&#8221; use_row_as_full_screen_section=&#8221;no&#8221; type=&#8221;full_width&#8221; angled_section=&#8221;no&#8221; text_align=&#8221;left&#8221; background_image_as_pattern=&#8221;without_pattern&#8221;][vc_column][vc_empty_space][\/vc_column][\/vc_row][vc_row css_animation=&#8221;&#8221; row_type=&#8221;row&#8221; use_row_as_full_screen_section=&#8221;no&#8221; type=&#8221;full_width&#8221; angled_section=&#8221;no&#8221; text_align=&#8221;left&#8221; background_image_as_pattern=&#8221;without_pattern&#8221;][vc_column][vc_empty_space][\/vc_column][\/vc_row][vc_row css_animation=&#8221;&#8221; row_type=&#8221;row&#8221; use_row_as_full_screen_section=&#8221;no&#8221; type=&#8221;full_width&#8221; angled_section=&#8221;no&#8221; text_align=&#8221;left&#8221; background_image_as_pattern=&#8221;without_pattern&#8221;][vc_column width=&#8221;1\/6&#8243;][\/vc_column][vc_column width=&#8221;2\/3&#8243;][vc_column_text css=&#8221;&#8221;]<\/p>\n<h6 style=\"text-align: center;\">TORNE-SE UM PARCEIRO<\/h6>\n<p>[\/vc_column_text][vc_empty_space height=&#8221;12&#8243;][vc_empty_space height=&#8221;12&#8243;][vc_column_text css=&#8221;&#8221;]<\/p>\n<p style=\"text-align: center;\">Branding, eventos, est\u00e1tica ou a\u00e7\u00f5es promocionais diretas para sua empresa.<\/p>\n<p style=\"text-align: center;\">Torne-se parceiro do Terras de S\u00e3o Jos\u00e9 Golfe Clube e impacte diretamente sobre um segmento de publico AAA.<\/p>\n<p>[\/vc_column_text][vc_empty_space height=&#8221;32&#8243;][\/vc_column][vc_column width=&#8221;1\/6&#8243;][\/vc_column][\/vc_row][vc_row css_animation=&#8221;&#8221; row_type=&#8221;row&#8221; use_row_as_full_screen_section=&#8221;no&#8221; type=&#8221;full_width&#8221; angled_section=&#8221;no&#8221; text_align=&#8221;left&#8221; background_image_as_pattern=&#8221;without_pattern&#8221;][vc_column width=&#8221;1\/4&#8243;][\/vc_column][vc_column width=&#8221;1\/2&#8243;][vc_single_image image=&#8221;488&#8243; img_size=&#8221;full&#8221; alignment=&#8221;center&#8221; onclick=&#8221;custom_link&#8221; img_link_target=&#8221;_blank&#8221; css=&#8221;&#8221; qode_css_animation=&#8221;&#8221; link=&#8221;https:\/\/agenciamkt.com.br\/tsjgc\/contato\/&#8221;][\/vc_column][vc_column width=&#8221;1\/4&#8243;][\/vc_column][\/vc_row][vc_row css_animation=&#8221;&#8221; row_type=&#8221;row&#8221; use_row_as_full_screen_section=&#8221;no&#8221; type=&#8221;full_width&#8221; angled_section=&#8221;no&#8221; text_align=&#8221;left&#8221; background_image_as_pattern=&#8221;without_pattern&#8221;][vc_column][vc_empty_space][\/vc_column][\/vc_row][vc_row css_animation=&#8221;&#8221; row_type=&#8221;row&#8221; use_row_as_full_screen_section=&#8221;no&#8221; type=&#8221;full_width&#8221; angled_section=&#8221;no&#8221; text_align=&#8221;left&#8221; background_image_as_pattern=&#8221;without_pattern&#8221;][vc_column][vc_empty_space][\/vc_column][\/vc_row][vc_row css_animation=&#8221;&#8221; row_type=&#8221;row&#8221; use_row_as_full_screen_section=&#8221;no&#8221; type=&#8221;full_width&#8221; angled_section=&#8221;no&#8221; text_align=&#8221;left&#8221; background_image_as_pattern=&#8221;without_pattern&#8221; z_index=&#8221;&#8221; css=&#8221;.vc_custom_1719594395354{margin-right: -150px !important;background-color: #cfcfd3 !important;}&#8221;][vc_column width=&#8221;1\/2&#8243; css=&#8221;.vc_custom_1719594275774{padding-right: 100px !important;}&#8221;][vc_gmaps link=&#8221;#E-8_JTNDaWZyYW1lJTIwc3JjJTNEJTIyaHR0cHMlM0ElMkYlMkZ3d3cuZ29vZ2xlLmNvbSUyRm1hcHMlMkZlbWJlZCUzRnBiJTNEJTIxMW0xNCUyMTFtOCUyMTFtMyUyMTFkMTQ2NTcuMTg2NDMxNDUxNTMzJTIxMmQtNDcuMjk0MjU3OCUyMTNkLTIzLjMwNDk5NDglMjEzbTIlMjExaTEwMjQlMjEyaTc2OCUyMTRmMTMuMSUyMTNtMyUyMTFtMiUyMTFzMHg5NGNmNWFkMmMxMGFkOTQ5JTI1M0EweDY1OTViYzZkN2I3NTQ4OGElMjEyc1RlcnJhcyUyNTIwZGUlMjUyMFMlMjVDMyUyNUEzbyUyNTIwSm9zJTI1QzMlMjVBOSUyNTIwR29sZmUlMjUyMENsdWJlJTIxNWUwJTIxM20yJTIxMXNwdC1CUiUyMTJzYnIlMjE0djE3MTk1ODUyMjU1MjglMjE1bTIlMjExc3B0LUJSJTIxMnNiciUyMiUyMHdpZHRoJTNEJTIyNjAwJTIyJTIwaGVpZ2h0JTNEJTIyMzIwJTIyJTIwc3R5bGUlM0QlMjJib3JkZXIlM0EwJTNCJTIyJTIwYWxsb3dmdWxsc2NyZWVuJTNEJTIyJTIyJTIwbG9hZGluZyUzRCUyMmxhenklMjIlMjByZWZlcnJlcnBvbGljeSUzRCUyMm5vLXJlZmVycmVyLXdoZW4tZG93bmdyYWRlJTIyJTNFJTNDJTJGaWZyYW1lJTNF&#8221; css=&#8221;&#8221;][\/vc_column][vc_column width=&#8221;1\/5&#8243; css=&#8221;.vc_custom_1719603747070{margin-left: -80px !important;}&#8221;][vc_empty_space height=&#8221;12px&#8221;][vc_empty_space height=&#8221;12px&#8221;][vc_single_image image=&#8221;523&#8243; img_size=&#8221;70X70&#8243; css=&#8221;&#8221; qode_css_animation=&#8221;&#8221;][vc_empty_space height=&#8221;12px&#8221;][vc_column_text css=&#8221;&#8221;]<\/p>\n<h6><span style=\"vertical-align: inherit;\"><span style=\"vertical-align: inherit;\">CONTE\u00daDO<\/span><\/span><\/h6>\n<p>[\/vc_column_text][vc_empty_space height=&#8221;12px&#8221;][vc_raw_html css=&#8221;&#8221;]JTNDcCUzRSUwQSUzQ2ZvbnQlMjBzaXplJTNEJTIyMSUyMiUyMGZhY2UlM0QlMjJWZXJkYW5hJTIyJTNFJTNDJTJGYSUwQSUzQ2JyJTNFJTNDYSUyMGhyZWYlM0QlMjJodHRwcyUzQSUyRiUyRmFnZW5jaWFta3QuY29tLmJyJTJGdHNqZ2MlMkZjb250YXRvJTJGJTIyJTNFQ09OVEFUTyUzQ2JyJTJGJTNFJTNDYSUyRiUzRSUwQSUzQ2JyJTNFJTNDYSUyMGhyZWYlM0QlMjJodHRwcyUzQSUyRiUyRmFnZW5jaWFta3QuY29tLmJyJTJGdHNqZ2MlMkZvLWNsdWJlJTJGJTIyJTNFTyUyMENMVUJFJTIwREUlMjBHT0xGRSUzQ2JyJTJGJTNFJTNDYSUyRiUzRSUwQSUzQ2JyJTNFJTNDYSUyMGhyZWYlM0QlMjJodHRwcyUzQSUyRiUyRmFnZW5jaWFta3QuY29tLmJyJTJGdHNqZ2MlMkZvLWNhbXBvJTJGJTIyJTNFTyUyMENBTVBPJTIwREUlMjBHT0xGRSUzQ2JyJTJGJTNFJTNDYSUyRiUzRSUwQSUzQ2JyJTNFJTNDYSUyMGhyZWYlM0QlMjJodHRwcyUzQSUyRiUyRmFnZW5jaWFta3QuY29tLmJyJTJGdHNqZ2MlMkZjbGluaWNhcyUyRiUyMiUzRUNMJUMzJThETklDQVMlMjBERSUyMEdPTEZFJTNDYnIlMkYlM0UlM0NhJTJGJTNFJTBBJTNDYnIlM0UlM0NhJTIwaHJlZiUzRCUyMmh0dHBzJTNBJTJGJTJGYWdlbmNpYW1rdC5jb20uYnIlMkZ0c2pnYyUyRmhvcmFyaW9zLWUtdmFsb3Jlcy0yJTJGJTIyJTNFSE9SJUMzJTgxUklPUyUyMEUlMjBWQUxPUkVTJTIwRE8lMjBDTFVCRSUyMERFJTIwR09MRkUlM0NiciUyRiUzRSUzQ2ElMkYlM0UlMEElM0MlMkZmb250JTNFJTBBJTNDJTJGcCUzRQ==[\/vc_raw_html][vc_empty_space height=&#8221;12px&#8221;][\/vc_column][vc_column width=&#8221;1\/4&#8243; css=&#8221;.vc_custom_1719603755323{margin-left: -120px !important;}&#8221;][vc_empty_space height=&#8221;12px&#8221;][vc_empty_space height=&#8221;12px&#8221;][vc_single_image image=&#8221;1182&#8243; img_size=&#8221;full&#8221; css=&#8221;&#8221; qode_css_animation=&#8221;&#8221;][vc_empty_space height=&#8221;8&#8243;][vc_empty_space height=&#8221;12px&#8221;][vc_empty_space height=&#8221;12px&#8221;][vc_column_text css=&#8221;&#8221;]<span style=\"color: #20282e;\"><strong>L O C A L I Z A \u00c7 \u00c3 O\u00a0 \u00a0 \u00a0 \u00a0 \u00a0 \u00a0 \u00a0 \u00a0 \u00a0 \u00a0 \u00a0 \u00a0 \u00a0 \u00a0 \u00a0 \u00a0 \u00a0 \u00a0<a href=\"https:\/\/www.instagram.com\/terrasdesaojosegolfe\/\" target=\"_blank\" rel=\"noopener\"><img loading=\"lazy\" decoding=\"async\" class=\"alignnone wp-image-1282 size-full\" src=\"https:\/\/agenciamkt.com.br\/tsjgc\/wp-content\/uploads\/2024\/07\/insta.png\" alt=\"\" width=\"16\" height=\"16\" \/><\/a><\/strong><\/span>[\/vc_column_text][vc_raw_html css=&#8221;&#8221;]JTNDcCUzRSUwQSUzQ2ZvbnQlMjBzaXplJTNEJTIyMSUyMiUzRSUwQSUwQXNhJUMzJUFEZGElMjA3OCUyMHJvZG92aWElMjAtJTIwY2FzdGVsbG8lMjBicmFuY28lMjBzZW50aWRvJTIwJTNDYnIlM0VpdHUlMjBzYSVDMyVBRGRhJTIwMTZhJTIwZGElMjByb2RvdmlhJTIwZG8lMjBhJUMzJUE3dWNhciUyMC0lMjBzcCUyMDc5JTBBJTBBJTNDJTJGZm9udCUzRSUwQSUzQyUyRnAlM0U=[\/vc_raw_html][vc_empty_space height=&#8221;5&#8243;][vc_separator type=&#8221;small&#8221; position=&#8221;left&#8221; color=&#8221;#ffffff&#8221; thickness=&#8221;1&#8243; width=&#8221;200&#8243;][vc_column_text css=&#8221;&#8221;]<\/p>\n<h6><span style=\"vertical-align: inherit;\"><span style=\"vertical-align: inherit;\">SOBRE N\u00d3S<\/span><\/span><\/h6>\n<p>[\/vc_column_text][vc_empty_space height=&#8221;8&#8243;][vc_raw_html css=&#8221;&#8221;]JTNDcCUzRSUwQSUzQ2ZvbnQlMjBzaXplJTNEJTIyMSUyMiUzRSUwQU8lMjBUZXJyYXMlMjBkZSUyMFMlQzMlQTNvJTIwSm9zJUMzJUE5JTIwR29sZmUlMjBDbHViZSUyQyUyMGlkZWFsaXphZG8lMjBhJTIwcGFydGlyJTIwZGUlMjBwZXNxdWlzYXMlMjBpbnRlcm5hY2lvbmFpcyUyMHBlbG8lMjBHcnVwbyUyMFNlbnBhciUyMFRlcnJhcyUyMGRlJTIwUyVDMyVBM28lMjBKb3MlQzMlQTklMkMlMjBlc3QlQzMlQTElMjBlbnRyZSUyMG9zJTIwZGV6JTIwbWVsaG9yZXMlMjBjbHViZXMlMjBkZSUyMGdvbGZlJTIwZG8lMjBCcmFzaWwuJTIwJUMzJTg5JTIwdW0lMjBkb3MlMjBwb3Vjb3MlMjBjYW1wb3MlMjBkZSUyMGdvbGZlJTIwcHJpdmFkb3MlMjBkbyUyMHBhJUMzJUFEcyUyQyUyMHBpb25laXJvJTIwZW0lMjBsb3RlYW1lbnRvcyUyMGZlY2hhZG9zJTIwZGUlMjBhbHRvJTIwcGFkciVDMyVBM28lMjBvbmRlJTIwbyUyMGdvbGZlJTIwZ2FuaGElMjB1bSUyMGRlc3RhcXVlJTIwdml0YWwlMjBwYXJhJTIwY29uZCVDMyVCNG1pbm9zJTIwZSUyMGFzc29jaWFkb3MuJTBBJTNDJTJGZm9udCUzRSUwQSUzQyUyRnAlM0U=[\/vc_raw_html][vc_empty_space height=&#8221;12px&#8221;][\/vc_column][\/vc_row]<\/p>\n<\/div>","protected":false},"excerpt":{"rendered":"<p>[vc_row css_animation=&#8221;&#8221; row_type=&#8221;row&#8221; use_row_as_full_screen_section=&#8221;no&#8221; type=&#8221;full_width&#8221; angled_section=&#8221;no&#8221; text_align=&#8221;left&#8221; background_image_as_pattern=&#8221;without_pattern&#8221;][vc_column][rev_slider_vc alias=&#8221;horarios&#8221;][\/vc_column][\/vc_row][vc_row css_animation=&#8221;&#8221; row_type=&#8221;row&#8221; use_row_as_full_screen_section=&#8221;no&#8221; type=&#8221;full_width&#8221; angled_section=&#8221;no&#8221; text_align=&#8221;left&#8221; background_image_as_pattern=&#8221;without_pattern&#8221;][vc_column][vc_empty_space][vc_empty_space height=&#8221;10&#8243;][vc_empty_space height=&#8221;10&#8243;][vc_column_text css=&#8221;&#8221;] HOR\u00c1RIOS [\/vc_column_text][vc_empty_space height=&#8221;10&#8243;][vc_empty_space height=&#8221;10&#8243;][vc_empty_space][\/vc_column][\/vc_row][vc_row css_animation=&#8221;&#8221; row_type=&#8221;row&#8221; use_row_as_full_screen_section=&#8221;no&#8221; type=&#8221;grid&#8221; angled_section=&#8221;no&#8221; text_align=&#8221;center&#8221; background_image_as_pattern=&#8221;without_pattern&#8221; z_index=&#8221;&#8221;][vc_column][vc_single_image image=&#8221;602&#8243; img_size=&#8221;full&#8221; alignment=&#8221;center&#8221; css=&#8221;&#8221; qode_css_animation=&#8221;&#8221;][\/vc_column][\/vc_row][vc_row css_animation=&#8221;&#8221; row_type=&#8221;row&#8221; use_row_as_full_screen_section=&#8221;no&#8221; type=&#8221;full_width&#8221; angled_section=&#8221;no&#8221; text_align=&#8221;left&#8221; background_image_as_pattern=&#8221;without_pattern&#8221;][vc_column][vc_empty_space][vc_empty_space height=&#8221;10&#8243;][vc_empty_space height=&#8221;10&#8243;][vc_column_text&#8230;<\/p>\n","protected":false},"author":1,"featured_media":0,"parent":0,"menu_order":0,"comment_status":"closed","ping_status":"closed","template":"full_width.php","meta":{"footnotes":""},"_links":{"self":[{"href":"https:\/\/agenciamkt.com.br\/tsjgc\/wp-json\/wp\/v2\/pages\/597"}],"collection":[{"href":"https:\/\/agenciamkt.com.br\/tsjgc\/wp-json\/wp\/v2\/pages"}],"about":[{"href":"https:\/\/agenciamkt.com.br\/tsjgc\/wp-json\/wp\/v2\/types\/page"}],"author":[{"embeddable":true,"href":"https:\/\/agenciamkt.com.br\/tsjgc\/wp-json\/wp\/v2\/users\/1"}],"replies":[{"embeddable":true,"href":"https:\/\/agenciamkt.com.br\/tsjgc\/wp-json\/wp\/v2\/comments?post=597"}],"version-history":[{"count":127,"href":"https:\/\/agenciamkt.com.br\/tsjgc\/wp-json\/wp\/v2\/pages\/597\/revisions"}],"predecessor-version":[{"id":1298,"href":"https:\/\/agenciamkt.com.br\/tsjgc\/wp-json\/wp\/v2\/pages\/597\/revisions\/1298"}],"wp:attachment":[{"href":"https:\/\/agenciamkt.com.br\/tsjgc\/wp-json\/wp\/v2\/media?parent=597"}],"curies":[{"name":"wp","href":"https:\/\/api.w.org\/{rel}","templated":true}]}}